3*r = -2*f + 75. What is the greatest common divisor of 78 and f?
6
Let l = 0 + 0. Suppose 5*o + 144 = -4*b + 443, l = 4*b + 16. Suppose 156 = -34*f + 462. Calculate the greatest common divisor of f and o.
9
Let n be 32/(-10) + 0 + (-2)/(-10). Let f be 19/(84/77 + n/3). What is the highest common factor of f and 19?
19
Suppose 7*a - 36 = 3*a. Suppose 0 = -3*r + 2*t + 243, -r - 2*r = 3*t - 243. Calculate the greatest common divisor of a and r.
9
Let w(r) = -r**3 + 7*r**2 - 5*r - 1. Suppose 0 = 3*f - 2*f + 1. Let h be (-19)/(-4) + f/(-4). Let l be w(h). Calculate the greatest common factor of 120 and l.
24
Suppose 63 = -181*v + 190*v. Calculate the highest common divisor of v and 812.
7
Let z be (3 + 65 - 7) + -5. Calculate the greatest common divisor of 4 and z.
4
Suppose -4*n = -4*c - 2*n + 184, -n = -2. Let u be 4 + -1 - 7 - -333. What is the highest common divisor of c and u?
47
Suppose -124 = -3*r + 41. Let o = -21 - -19. Let c be 14/28 + o + (-94)/(-4). What is the greatest common factor of c and r?
11
Let w = -73 + 43. Let a = w + 26. Let q(h) = h**3 + 7*h**2 - 6*h - 2. Let r be q(a). What is the greatest common divisor of 10 and r?
10
Suppose -5*c + 1312 = 327. Suppose -c = -5*a - 3*y, -4*a - a = 4*y - 196. Calculate the greatest common divisor of a and 10.
10
Let t = 384 - 329. Calculate the highest common factor of 25 and t.
5
Let u be (10/(-35))/(900/(-224) + 4). Calculate the highest common divisor of 2 and u.
2
Suppose 7*f - 236 = -54. Let t(c) = -65*c. Let b be t(-1). Calculate the highest common divisor of b and f.
13
Let a(f) = -5*f - 24. Let m be a(-8). Suppose 3*q - 2*d - 232 = -0*q, 4*q - 4*d = 304. What is the highest common divisor of m and q?
16
Suppose 0 = 2*p + 22 - 46. Let c be 1 + -3 + ((-2528)/(-4))/4. Calculate the highest common divisor of c and p.
12
Suppose -8*c + 10*c - 6 = 0. Let i be c + -1 + -1 + 2. What is the greatest common divisor of 1 and i?
1
Suppose -2*y - q + 4 = -3*q, 0 = 2*y - 4*q. Suppose -y*n + 12 = -44. Let u be (3 - -3) + (2 - 1). What is the highest common factor of n and u?
7
Suppose 0 = -4*l - 20, 6*l = 4*d + l - 2001. Calculate the greatest common factor of d and 38.
38
Suppose 1738 = 8*s - 12870. What is the highest common factor of s and 22?
22
Let v be -2 + (12/(-12))/(1/(-22)). What is the highest common factor of 90 and v?
10
Suppose -57 = 2*y - 107. Calculate the greatest common divisor of y and 5.
5
Let v = 397 + -273. Calculate the greatest common divisor of 4 and v.
4
Let y = 1243 + -823. What is the greatest common divisor of 35 and y?
35
Suppose -4*z = -6*z. Suppose 8 = 2*p - z*p. Let x be p/((-4)/(-1)) - -17. Calculate the highest common factor of x and 2.
2
Let s(z) = 8*z - 84. Let k be s(11). What is the greatest common factor of 36 and k?
4
Suppose -2*d + 16 = 4*t, 3*d - 3*t + 37 = 7*d. Calculate the greatest common divisor of d and 50.
10
Let y(g) = g**2 - 4*g - 7. Let v be y(-2). Suppose -2*w + 88 = 2*l, -v*l + 4*w + 64 = -3*l. Calculate the greatest common divisor of l and 10.
10
Suppose -2*l + 68 = 16. Suppose 5*t = 5*f - 65, 2*f - 2*t - 42 = -2*f. Let d be ((-2626)/f)/(-13) + (-6)/(-8). Calculate the greatest common factor of d and l.
26
Let x be (-135)/(-20)*-1*8/3. Let h = x - -31. Calculate the highest common divisor of h and 13.
13
Let q(i) = -i**2 - 3*i + 15. Let m be q(5). Let z be (-15)/6*40/m. What is the greatest common factor of z and 2?
2
Suppose -38*f + 0*f + 1824 = 0. Calculate the highest common divisor of 496 and f.
16
Suppose -1089 - 4031 = -16*i. Calculate the greatest common divisor of i and 80.
80
Suppose 0 = -7*q + 1099 - 266. What is the greatest common divisor of 68 and q?
17
Suppose 3*b - 27 = -3. Let o = 35 - 33. Let h be 126*((-12)/b + o). What is the highest common divisor of 9 and h?
9
Suppose 3*b - 10 - 2 = 2*t, -2*b + 2*t = -10. Suppose 0 = -x + b*x + 36. Let s = -26 - x. What is the greatest common divisor of 90 and s?
10
Let h be 16/6 - (-4)/3. Suppose 5*x + m = 3*m - 3356, h*x + m + 2690 = 0. Let s be (x/(-16))/((-2)/(-5)). Calculate the highest common factor of s and 21.
21
Let m = 100 + -121. Let h(s) = 41*s + 2. Let t be h(2). Let a be (6/m)/((-3)/t). What is the highest common factor of a and 40?
8
Let m = 35 - -51. Let t = 41 - m. Let j = t + 63. Calculate the highest common factor of 45 and j.
9
Suppose -5*i = 5*u - 320, 3*u + 5*i + 0*i = 182. Calculate the greatest common factor of u and 115.
23
Let q(z) = 11 - 3*z**2 + 4*z**2 - 2 - z. Suppose -5*o + 20 = -2*k, 3*k = -0*k + 5*o - 20. Let x be q(k). What is the greatest common divisor of 9 and x?
9
Let y be 2/(((-1)/(-3))/1). Let p be -6*15/y*(-12)/10. Calculate the highest common factor of p and 6.
6
Let m be (-2)/54*-6 + 183/27. Suppose 7 = -5*s + 6*s. Calculate the highest common factor of m and s.
7
Let r = -159 - -228. Suppose 3*g + r = -4*a, 4*g = a - 1 + 4. Let i = a + 25. Calculate the highest common divisor of i and 30.
10
Let q = -572 - -582. Calculate the greatest common factor of q and 110.
10
Let w = -37 - -136. Let g = w + -79. What is the greatest common factor of 30 and g?
10
Suppose -4*b + 3*g = -119, 0 = 4*b - 0*b - 5*g - 129. Let d = 83 - 44. What is the greatest common factor of d and b?
13
Let n be ((-2)/2)/(2/(-52)). Suppose -3*l = -5*l + 4. Suppose 0 = l*f + x - 135, 0*f - 3*x = 2*f - 145. Calculate the highest common factor of f and n.
13
Let l = 28 + -12. Suppose -2*a - 2*k + 225 - 1 = 0, -2*k = 4*a - 448. What is the greatest common divisor of a and l?
16
Let m be (4 - -1 - 2) + 197. Calculate the greatest common factor of m and 80.
40
Suppose x + 144 = 17*x. Calculate the highest common divisor of x and 1413.
9
Suppose b + 6 = 3*b. Suppose 0 = -4*i - b*k - k + 152, -4*i = -2*k - 176. What is the highest common divisor of 63 and i?
21
Let d(f) = -f**2 + 7*f + 81. Let j be d(13). Suppose 5*y + a - 85 = 75, -122 = -4*y - 2*a. What is the highest common factor of j and y?
3
Let l be (24 - 1158)*(-1)/2. What is the greatest common divisor of 54 and l?
27
Let f(o) = o**3 - 3*o - 4. Let k = 57 - 53. Let z be f(k). Suppose -4*u = -16, m - 24 = u + u. Calculate the greatest common factor of z and m.
16
Let i = -31 + 40. Let m(b) = -b**3 - 5*b**2 + 6*b + 6. Let r be m(-6). Let o be -9*2/(-4)*r. What is the greatest common factor of o and i?
9
Suppose -4*o + 397 = 137. Suppose 2*a - o = a - 3*l, 0 = -3*a + l + 235. Calculate the highest common divisor of a and 11.
11
Let j(o) = 5*o**2 - 3*o**2 - o**2 - 33 + 12 - 8*o. Let p be j(11). What is the greatest common factor of p and 60?
12
Suppose -3*s = 6, -t - 9 = -6*s + 4*s. Suppose 0 = c - 4*m + 15 + 17, 12 = -4*m. Let l be c/6*(t - -10). What is the greatest common divisor of 33 and l?
11
Suppose 0 = -5*m + 3*o + 397, o + 1 = -3. What is the greatest common divisor of 11 and m?
11
Suppose -12704 + 1079 = -31*y. Calculate the highest common factor of 75 and y.
75
Let w(o) = o**2 - o - 18. Suppose -9 = -i - 3. Let d be w(i). What is the greatest common factor of 84 and d?
12
Let d(x) be the second derivative of -x**3/2 + 9*x**2/2 + 5*x. Let f be d(6). Let k be (-726)/f + (-6)/9. What is the greatest common factor of k and 16?
16
Let n(k) = -4 + 16 - k**3 - 1 + 17 - 5*k**2 + 10*k. Let x be n(-8). Suppose 5*r = 78 + 62. What is the greatest common factor of r and x?
28
Let r be 308/33*27/2. Let l be 1/(-4) - 170/(-40). Suppose 9*a = l*a + 105. What is the greatest common divisor of a and r?
21
Let t(v) = -v**2 - 18*v - 6. Let p be t(-17). What is the greatest common divisor of p and 99?
11
Let g(q) = 5*q - 146. Let f be g(32). Calculate the greatest common factor of f and 14.
14
Let y be 14/(3 + (-21)/9). Suppose 0 = -3*s - 4*r + 45 + 18, -42 = -2*s + r. Calculate the greatest common divisor of y and s.
21
Let g = -153 - -344. Let d = g + -81. What is the greatest common factor of 10 and d?
10
Suppose -5*o - 98*q = -101*q - 5124, 5121 = 5*o - 2*q. Calculate the highest common divisor of 93 and o.
93
Let u = -141 + 274. Calculate the greatest common factor of 38 and u.
19
Suppose -15*f + 3000 = -0*f. Calculate the greatest common factor of 120 and f.
40
Let z be 136/14 - (-2)/7. Let k = 286 - 196. What is the greatest common factor of z and k?
10
Let z(m) = 3*m**2 + m. Let o be z(2). Suppose -v - 112 = -4*q + 56, 3*q + 2*v